 + 41*h - 182. Let g be v(10). What is the highest common divisor of g and 82?
82
Suppose -3*p + 835 = -3*s + 46, 3*p + 5*s = 765. Let x be p - ((-1 - 1) + 1). Calculate the highest common factor of x and 29.
29
Let l be (12 - 40)/(2*2/(-64)). Let k = l + -232. Suppose 3*o - 2*d - k + 24 = 0, 3*d = 0. Calculate the highest common divisor of o and 16.
16
Let c(t) = 60*t - 2124. Let r be c(43). What is the highest common factor of r and 836?
76
Suppose 0 = -3*c - 4*x + 14968, 0 = 60*c - 55*c + 3*x - 24932. Calculate the greatest common factor of c and 56.
56
Let c(k) = -3*k**2 - 14*k - 306*k**3 + 9*k**2 + 307*k**3 - 9 - 12 + 3*k. Let d be c(-6). What is the highest common divisor of d and 45?
45
Let c be 4032/10 + (-6)/135*-18. Suppose -10*d + 636 = -c. Calculate the greatest common factor of d and 16.
8
Let k be (-325)/50*24/(-1). Let m = 10 - -16. Calculate the greatest common divisor of k and m.
26
Suppose -n = -k - 4486, 0 = -10*n + 14*n - 2*k - 17948. What is the highest common divisor of 6 and n?
6
Suppose 0 = 3*n - 20*n + 6596 + 4454. What is the greatest common divisor of 52 and n?
26
Let y be 33/2 - 2/4. Let n(q) = -4*q**2 + 286*q + 1106. Let l be n(75). What is the highest common factor of l and y?
8
Let u(m) = 3*m**2 + 61*m. Let p(n) = -7*n**2 - 123*n. Let j(h) = 4*p(h) + 7*u(h). Let k be j(-9). Calculate the greatest common divisor of k and 126.
18
Suppose -11*x - 164 = -32. Let y(d) = -11*d - 19 + 7*d - 11*d. Let l be y(x). Calculate the highest common divisor of l and 23.
23
Suppose 6 - 2 = 2*v. Suppose 0*w - w - v*k = -58, 4*w + 2*k = 202. Let m be 31 + -6 - -3 - 4. What is the greatest common factor of m and w?
24
Suppose 934 - 878 = 4*f. Suppose 432 = f*k - 156. What is the greatest common factor of 182 and k?
14
Let r = -6215 + 6516. What is the highest common factor of r and 14?
7
Suppose -9743 = -5*i + 6882. Suppose -i = -22*h + 3*h. Calculate the highest common factor of 50 and h.
25
Suppose 29*r - 10336 - 4119 - 2945 = 0. What is the highest common factor of r and 1320?
120
Let a be (3 + 21/(-9))*(-9453)/(-274). Calculate the greatest common divisor of a and 79.
1
Let d be 5 + (-3 + 1)*60/40. Suppose -56 = -l + 2*k, -d*k + 213 = 4*l + k. Calculate the greatest common divisor of l and 72.
18
Let k = 11 + -2. Let u be 52 + 5 + 5/(-10)*10. Suppose -3*c - w + u = 0, -c + 3*w + w = -26. Calculate the greatest common factor of k and c.
9
Let l(g) = g**3 - g**2 + 13*g - 27. Let c be l(4). Suppose -c*d + 1071 = -66*d. What is the greatest common divisor of 17 and d?
17
Let o(n) = n**3 + 6*n**2 - 113*n - 463. Let d be o(-4). Suppose 0 = r - 223 - 8. What is the highest common divisor of r and d?
21
Suppose 87*q + 4 = -86*q + 175*q. Let w = -12 - -26. What is the highest common divisor of w and q?
2
Suppose -6*g - 2102 = 652. Let l = 509 + g. Calculate the highest common divisor of 125 and l.
25
Let w(d) = 105*d**2 + 100*d - 332. Let n be w(6). What is the greatest common factor of 176 and n?
176
Suppose 11*c + 5*v = 13*c - 2521, 3*c + 4*v - 3724 = 0. Let i be 104/2*3/4. Calculate the highest common divisor of c and i.
39
Suppose 43 = 2*a + b + 40, 5*a = 3*b + 2. Let d be -8*(-15)/6 - 1. Let y be d + (-6)/9*(a + -7). Calculate the highest common divisor of y and 253.
23
Let c = 73 - 70. Suppose -12*x = -c*x - 54. Suppose -x*p + 5*p + 30 = 0. What is the greatest common divisor of 6 and p?
6
Let g(b) = b**2 - 20*b - 45. Let r be g(19). Let z be r/(-8)*(-3 - -25). Calculate the highest common factor of z and 16.
16
Let n = -28 - -67. Let s = 98 + 19. Let z be (s/(-36))/((-1)/12). What is the highest common divisor of z and n?
39
Let o(x) be the first derivative of -x**2 - 46*x + 87. Let z be o(-29). What is the greatest common factor of z and 30?
6
Suppose 22*x = 7*x - 20*x + 188895. Calculate the greatest common factor of 105 and x.
21
Let n(w) = w**3 + 8*w**2 - 12. Let y be n(-6). Suppose -4*f - y = -2*u - 14, 0 = -5*f + 10. Calculate the greatest common factor of 189 and u.
27
Suppose 33*j - 630 = 756. Suppose -3*w + w - j = -3*r, w - 42 = -3*r. What is the greatest common factor of r and 4?
2
Suppose 180*q + 8 = 181*q. Suppose q = -4*t, -t = 2*x - 5*t - 188. Calculate the highest common divisor of 135 and x.
45
Let b(h) = h**3 + 46*h**2 + 2*h + 576. Let r be b(0). Calculate the highest common divisor of 234 and r.
18
Let d = 106 + -69. Let y be 108/(-10) - (48/(-60) - -1). Let a be (-8)/(-44) - 405/y. What is the greatest common factor of d and a?
37
Let b = 410 + -246. Let t = 18 + b. What is the greatest common factor of 14 and t?
14
Let r(d) = -d**2 - 14*d + 39. Let l be r(-9). Let k be (-1)/(-4) - (-63)/l. Let z = 13 + k. Calculate the highest common factor of z and 70.
14
Let p = 111409 + -111367. Let l = 250 - 154. What is the highest common divisor of l and p?
6
Let m = 133 + -94. Let f = m + -23. Let o(s) = -2*s + 42. Let w be o(1). What is the highest common divisor of f and w?
8
Suppose 0 = -12*y + 47763 - 40011. What is the highest common factor of 95 and y?
19
Suppose -16*m = -11*m - 30. Let q(j) = -47*j**3 + j**2 - j - 1. Let t be q(-1). Let o be (-8)/t + (-218)/(-12). Calculate the highest common divisor of m and o.
6
Suppose -3*o - 3*o + 984 = 0. Suppose n = 3*i + o, 3*n - 440 = -2*i - 2*i. What is the highest common factor of n and 4?
4
Let k(t) = -t**2 - 4*t + 49. Let r be k(5). Suppose -r*f + 475 = 3*w, -3*f - 2*w + 378 = -7*w. What is the greatest common divisor of 33 and f?
11
Let d be 18 + (56/16 - 15/(-6)). Calculate the highest common factor of d and 1272.
24
Let w be 70/(-21)*(-3)/2*(-489)/(-15). Calculate the highest common factor of 163 and w.
163
Suppose -n + 0 = 3*i + 23, 4*n + 84 = -4*i. Let v be (-8)/n + (-215)/(-25). Let h = -3 + v. What is the highest common factor of 30 and h?
6
Let m(i) = -i**3 - 8*i**2 - 21*i - 14. Let f be m(-10). Calculate the greatest common divisor of 45 and f.
9
Let n = 2566 - 2412. What is the greatest common divisor of 1022 and n?
14
Suppose 10*u = -19*u + 15022. What is the highest common factor of 42 and u?
14
Suppose 2*z + 4*a - 40 = 0, 4*z + 10*a = 6*a + 112. Let q = 2 + -3. Let b = 5 + q. Calculate the highest common divisor of b and z.
4
Suppose -13*r - 14*r + 1593 = 0. Suppose -62*x + r*x = -1125. Calculate the highest common factor of x and 15.
15
Suppose 0 = -9*t - 29 - 151. Let u(z) = z**2 - 21*z - 228. Let m be u(t). Calculate the greatest common divisor of m and 74.
74
Let u = -1344 - -1757. What is the greatest common divisor of u and 7?
7
Let r = 189 + -198. Let z(i) = 2*i**2 + 10*i - 24. Let k be z(r). What is the greatest common divisor of 30 and k?
6
Suppose 12*u + 4*u - 79856 = 2*u. Calculate the greatest common divisor of u and 24.
8
Suppose -3*f + w + 1129 = 0, -5*f + 3*w + 547 = -1328. Calculate the greatest common divisor of f and 70.
14
Let w be 4353/(-30)*-5 - (-6)/(-4). What is the highest common factor of w and 3077?
181
Let j = 3882 - 3802. Calculate the highest common factor of j and 300.
20
Let g be -1*10*7/(-35). Suppose -4*p + g*o = 375 - 969, 5*p = 4*o + 747. Calculate the greatest common factor of p and 98.
49
Let y = 334 - 50. Let n = -280 + y. What is the highest common factor of n and 76?
4
Let l(n) = -657*n - 285. Let w be l(-20). Calculate the highest common divisor of w and 15.
15
Suppose 4*b = -5*v + 1770, 230*b = 235*b - 5*v - 2280. What is the highest common factor of b and 81?
9
Let v = 335290 + -335269. Let t = -2 + 2. Suppose -y + t = 5, 3*g = -y + 16. What is the greatest common factor of g and v?
7
Suppose -397 = 7*d - 40. Let y = -67 - d. Let t be 12*2/(-5)*420/y. What is the highest common factor of 14 and t?
14
Let m(h) = 246*h - 442. Let f be m(3). What is the greatest common divisor of f and 3?
1
Let x be 703/(-333) - (-2)/18 - -101. Calculate the highest common divisor of 1320 and x.
33
Let p = 2331 + -2208. What is the highest common divisor of 287 and p?
41
Suppose 0 = -2*m - 22 - 6. Let j be 56/6*(-147)/m. What is the highest common divisor of j and 28?
14
Suppose 9*h = 36*h - 162. Suppose 3*a - 5*a + 18 = 0. Suppose -114 = -a*m + h*m. What is the highest common factor of 171 and m?
19
Let m = -70 - -118. Suppose -5*b - 3*q = -60, 4*b - 26 - 30 = -4*q. Suppose -4*x = -s - 237, 2*s - b = -s. What is the highest com